lculate the remainder when 900 is divided by 43.
40
What is the remainder when 1057 is divided by 265?
262
Calculate the remainder when 408 is divided by 330.
78
What is the remainder when 4218 is divided by 1208?
594
Calculate the remainder when 7121 is divided by 14.
9
What is the remainder when 1480 is divided by 466?
82
Calculate the remainder when 1174 is divided by 88.
30
What is the remainder when 168809 is divided by 24111?
32
What is the remainder when 547 is divided by 401?
146
Calculate the remainder when 132409 is divided by 58.
53
What is the remainder when 1349 is divided by 669?
11
Calculate the remainder when 394085 is divided by 6.
5
Calculate the remainder when 82057 is divided by 82047.
10
What is the remainder when 3670 is divided by 218?
182
What is the remainder when 29288 is divided by 861?
14
What is the remainder when 31831 is divided by 77?
30
What is the remainder when 1129 is divided by 313?
190
What is the remainder when 26454 is divided by 55?
54
Calculate the remainder when 5676 is divided by 9.
6
Calculate the remainder when 2108 is divided by 87.
20
Calculate the remainder when 600 is divided by 596.
4
Calculate the remainder when 11009 is divided by 72.
65
Calculate the remainder when 2005856 is divided by 1002920.
16
Calculate the remainder when 22115 is divided by 334.
71
Calculate the remainder when 75931 is divided by 3793.
71
What is the remainder when 306 is divided by 19?
2
Calculate the remainder when 282498 is divided by 138.
12
What is the remainder when 15960 is divided by 3177?
75
Calculate the remainder when 5358 is divided by 46.
22
Calculate the remainder when 19990 is divided by 42.
40
What is the remainder when 3875 is divided by 43?
5
Calculate the remainder when 16999 is divided by 531.
7
Calculate the remainder when 6326 is divided by 1445.
546
What is the remainder when 1051 is divided by 150?
1
What is the remainder when 67041 is divided by 7?
2
Calculate the remainder when 9874 is divided by 22.
18
What is the remainder when 1187 is divided by 517?
153
What is the remainder when 2521 is divided by 425?
396
What is the remainder when 890 is divided by 434?
22
Calculate the remainder when 30715 is divided by 10163.
226
Calculate the remainder when 13330 is divided by 296.
10
What is the remainder when 75839 is divided by 285?
29
What is the remainder when 7277 is divided by 427?
18
What is the remainder when 159092 is divided by 28?
24
Calculate the remainder when 25410 is divided by 1607.
1305
Calculate the remainder when 9503 is divided by 86.
43
Calculate the remainder when 991665 is divided by 76.
17
Calculate the remainder when 440 is divided by 435.
5
What is the remainder when 104416 is divided by 1258?
2
What is the remainder when 2943 is divided by 127?
22
What is the remainder when 140862 is divided by 32?
30
Calculate the remainder when 936 is divided by 10.
6
What is the remainder when 836 is divided by 129?
62
What is the remainder when 54596 is divided by 175?
171
Calculate the remainder when 16025 is divided by 3194.
55
Calculate the remainder when 2626 is divided by 93.
22
What is the remainder when 1830240 is divided by 43?
31
What is the remainder when 165827 is divided by 28?
11
Calculate the remainder when 4969 is divided by 4304.
665
What is the remainder when 5514 is divided by 229?
18
What is the remainder when 778 is divided by 737?
41
What is the remainder when 50088 is divided by 2177?
17
What is the remainder when 181465 is divided by 47?
45
What is the remainder when 353770 is divided by 29?
28
What is the remainder when 3642 is divided by 8?
2
Calculate the remainder when 160693 is divided by 424.
421
What is the remainder when 10953 is divided by 5469?
15
Calculate the remainder when 11283 is divided by 114.
111
Calculate the remainder when 12005 is divided by 5980.
45
Calculate the remainder when 390574 is divided by 162.
154
What is the remainder when 14612 is divided by 212?
196
What is the remainder when 132998 is divided by 169?
164
What is the remainder when 38332 is divided by 19?
9
What is the remainder when 5364382 is divided by 646?
644
Calculate the remainder when 8575 is divided by 8.
7
What is the remainder when 45736 is divided by 741?
535
What is the remainder when 8975 is divided by 67?
64
What is the remainder when 7654 is divided by 1526?
24
Calculate the remainder when 73121 is divided by 1435.
1371
What is the remainder when 48646 is divided by 993?
982
Calculate the remainder when 12205 is divided by 259.
32
Calculate the remainder when 3913 is divided by 64.
9
What is the remainder when 4248 is divided by 199?
69
What is the remainder when 11845364 is divided by 46?
42
What is the remainder when 940670 is divided by 127?
108
What is the remainder when 25199 is divided by 452?
339
What is the remainder when 50380 is divided by 188?
184
Calculate the remainder when 3548 is divided by 97.
56
What is the remainder when 1456 is divided by 488?
480
Calculate the remainder when 785793 is divided by 14287.
8
Calculate the remainder when 14044 is divided by 17.
2
What is the remainder when 25937 is divided by 188?
181
Calculate the remainder when 173393 is divided by 136.
129
What is the remainder when 7249 is divided by 186?
181
What is the remainder when 62395 is divided by 300?
295
What is the remainder when 3337 is divided by 167?
164
Calculate the remainder when 26389 is divided by 8.
5
What is the remainder when 4893 is divided by 1006?
869
Calculate the remainder when 674 is divided by 19.
9
What is the remainder when 1737 is divided by 824?
89
Calculate the remainder when 2611 is divided by 587.
263
What is the remainder when 32027 is divided by 5337?
5
What is the remainder when 1273 is divided by 274?
177
Calculate the remainder when 5804 is divided by 999.
809
What is the remainder when 7101 is divided by 2286?
243
Calculate the remainder when 82831 is divided by 198.
67
What is the remainder when 181573 is divided by 60520?
13
What is the remainder when 8344 is divided by 152?
136
What is the remainder when 11430 is divided by 88?
78
Calculate the remainder when 2301 is divided by 747.
60
What is the remainder when 8386 is divided by 101?
3
Calculate the remainder when 1276084 is divided by 39.
4
Calculate the remainder when 4776 is divided by 96.
72
What is the remainder when 4202 is divided by 975?
302
Calculate the remainder when 2147033 is divided by 142.
135
Calculate the remainder when 1496 is divided by 485.
41
Calculate the remainder when 5892 is divided by 2213.
1466
What is the remainder when 5170 is divided by 1654?
208
What is the remainder when 2926 is divided by 139?
7
What is the remainder when 20585 is divided by 169?
136
What is the remainder when 2861 is divided by 109?
27
Calculate the remainder when 27416 is divided by 27.
11
Calculate the remainder when 740 is divided by 287.
166
What is the remainder when 699137 is divided by 242?
241
What is the remainder when 1053 is divided by 17?
16
Calculate the remainder when 339215 is divided by 113066.
17
What is the remainder when 4018 is divided by 22?
14
What is the remainder when 50201 is divided by 180?
161
What is the remainder when 257747 is divided by 34?
27
Calculate the remainder when 1726 is divided by 72.
70
Calculate the remainder when 398748 is divided by 93.
57
What is the remainder when 917565 is divided by 18?
15
What is the remainder when 2541 is divided by 62?
61
What is the remainder when 465477 is divided by 108?
105
What is the remainder when 726 is divided by 345?
36
What is the remainder when 360841 is divided by 497?
19
Calculate the remainder when 128392 is divided by 30.
22
What is the remainder when 227948 is divided by 7123?
12
Calculate the remainder when 19646 is divided by 25.
21
What is the remainder when 9334 is divided by 29?
25
Calculate the remainder when 1673 is divided by 1143.
530
Calculate the remainder when 1505479 is divided by 136860.
19
Calculate the remainder when 49442 is divided by 11.
8
What is the remainder when 43671 is divided by 21832?
7
Calculate the remainder when 701671 is divided by 635.
631
What is the remainder when 3585 is divided by 742?
617
What is the remainder when 37251 is divided by 278?
277
What is the